 what is -a413 - -5?
-a40a
In base 16, what is -10 - -1093?
1083
In base 5, what is -10004 - 43000?
-103004
In base 4, what is 201033 + -3001?
132032
In base 2, what is -10 - -10010100001000?
10010100000110
In base 11, what is -2 + 623a?
6238
In base 8, what is -65 + 20?
-45
In base 13, what is 90c1 + -cc?
8cc2
In base 2, what is -100100101101001010 - 11?
-100100101101001101
In base 15, what is -5cbe0 + -7?
-5cbe7
In base 2, what is 10011111 + -110001?
1101110
In base 3, what is -21110010021 - 0?
-21110010021
In base 14, what is 12b2c - -2?
12b30
In base 10, what is -4 - -35906?
35902
In base 15, what is b3 + 31d?
3d1
In base 2, what is 10000011001011 + -1001?
10000011000010
In base 6, what is 51351 - 204?
51143
In base 15, what is -4b4d + -39?
-4b87
In base 8, what is 454 + 162?
636
In base 2, what is 1010110000 - -10011110?
1101001110
In base 5, what is 231223 + -203?
231020
In base 15, what is 10257 - 3?
10254
In base 15, what is 9 + 2b9e9?
2ba03
In base 11, what is -28355 + -8?
-28362
In base 6, what is -4 - 1415401?
-1415405
In base 7, what is -226 - -10321?
10062
In base 12, what is -4768 - 28?
-4794
In base 7, what is -16033 - -11?
-16022
In base 6, what is -100221 - -1?
-100220
In base 13, what is 244 - a9?
168
In base 15, what is c95b + -4?
c957
In base 16, what is 2 - -33b32?
33b34
In base 11, what is -174 + 466?
2a2
In base 5, what is 414 - -120?
1034
In base 7, what is 244656 - 61?
244565
In base 5, what is 100 + -31403?
-31303
In base 4, what is -2123213 - -30003?
-2033210
In base 5, what is -10 + -314202?
-314212
In base 15, what is 2975 + 4?
2979
In base 15, what is -1 - -7c53?
7c52
In base 6, what is 14141113 + -5?
14141104
In base 2, what is -10111101001 + 11010001?
-10100011000
In base 7, what is -2563531 + -26?
-2563560
In base 5, what is -13104 + -3112?
-21221
In base 11, what is -4 - 1003?
-1007
In base 16, what is -37261 + 5?
-3725c
In base 10, what is -27 - -7375?
7348
In base 13, what is -1b0 - 37?
-217
In base 2, what is -1001001011011100 - 101?
-1001001011100001
In base 15, what is -a + 212e?
2124
In base 14, what is -30 + 1cc5?
1c95
In base 15, what is 168 - -2b?
194
In base 5, what is 4 + -401422333?
-401422324
In base 12, what is 3 - -9209?
9210
In base 16, what is 1f9 - 2da5?
-2bac
In base 5, what is -30 - 2320?
-2400
In base 3, what is -1012 - 111101101?
-111102120
In base 6, what is -40052 - 13?
-40105
In base 3, what is -22 + 101010022020?
101010021221
In base 4, what is 110022310 - -120?
110023030
In base 8, what is 4655 + 5521?
12376
In base 15, what is -4 - -51b0?
51ab
In base 3, what is 202100020 + 2?
202100022
In base 13, what is -47 - -5b2?
568
In base 14, what is 4 - 780b?
-7807
In base 5, what is 12420203 + 3?
12420211
In base 16, what is -16 - -1fa5?
1f8f
In base 8, what is 656153 + 5?
656160
In base 14, what is 15c6d - 55?
15c18
In base 2, what is -1000000000011 - -1100?
-111111110111
In base 9, what is -718 + -2128?
-2847
In base 6, what is 4123020 - 0?
4123020
In base 8, what is 200 + 145?
345
In base 9, what is -244 - 2128?
-2373
In base 14, what is 8 - -155bd?
155c7
In base 7, what is 24 - -3514?
3541
In base 9, what is 54 + 200?
254
In base 9, what is 1237 - -140?
1377
In base 8, what is 5 + 13503?
13510
In base 11, what is 3705 + -54?
3661
In base 14, what is -225 + -23c?
-463
In base 7, what is -113352 + -4?
-113356
In base 9, what is -165213 + 2?
-165211
In base 9, what is -6105 + 1?
-6104
In base 2, what is -110101000011 - 101?
-110101001000
In base 13, what is 8046 - -a?
8053
In base 4, what is 12300011 - -121?
12300132
In base 12, what is 5 + -392998?
-392993
In base 15, what is -1d71 + e1?
-1c80
In base 14, what is -4 + -13585?
-13589
In base 12, what is -2 - -199b52?
199b50
In base 9, what is 23 + -626?
-603
In base 5, what is -204 - 2111?
-2320
In base 12, what is b0ab6 + -3?
b0ab3
In base 5, what is -4224343 - -3?
-4224340
In base 16, what is -d13 - -12e?
-be5
In base 7, what is 46520 - 3?
46514
In base 8, what is 44145 - -4?
44151
In base 13, what is -24ab + 300?
-21ab
In base 15, what is 11 + 1eb6?
1ec7
In base 3, what is -1022002 + 12102201?
11010122
In base 13, what is -527 - a0?
-5c7
In base 3, what is -1021 - -1201121222?
1201120201
In base 8, what is -5 + 522225?
522220
In base 13, what is -2 + -381a4?
-381a6
In base 11, what is 71 - 124a3?
-12432
In base 9, what is -26 + 32164?
32137
In base 7, what is -31 - 20336?
-20400
In base 6, what is -3 + -352020?
-352023
In base 3, what is -12 - -2012022020?
2012022001
In base 12, what is 60 + -36?
26
In base 2, what is 10101 + -11010001100000110?
-11010001011110001
In base 6, what is -144 - 1012?
-1200
In base 16, what is 179 + -25f?
-e6
In base 9, what is 184 - -684?
878
In base 12, what is -53a - 75?
-5b3
In base 2, what is 100110111110100110 + -100?
100110111110100010
In base 7, what is 44 + -2103?
-2026
In base 13, what is -2 + -6820?
-6822
In base 7, what is -233405 + -1?
-233406
In base 9, what is -2 + -34635?
-34637
In base 11, what is 479 - 881?
-403
In base 3, what is 202001210102 + -10?
202001210022
In base 9, what is -4 - 78564?
-78568
In base 6, what is -113522 + -2?
-113524
In base 10, what is 5 + 174671?
174676
In base 4, what is -20022231 + 210?
-20022021
In base 14, what is -2c9 + -5?
-2d0
In base 9, what is 1006 + -421?
475
In base 14, what is -6 - 8c7d4?
-8c7da
In base 15, what is 3dc + -3d?
39e
In base 16, what is 3f + -226?
-1e7
In base 10, what is 12 + -742?
-730
In base 3, what is -11 - 21002212?
-21010000
In base 7, what is 10 - 5160?
-5150
In base 13, what is -13ca - -6b6?
-a14
In base 4, what is 10230 + -1013011?
-1002121
In base 6, what is -1351553 + 4?
-1351545
In base 2, what is 100 - 10010100101010?
-10010100100110
In base 2, what is -110000111 + -10011?
-110011010
In base 15, what is -4 - -28a53?
28a4e
In base 14, what is 223 - -158?
37b
In base 2, what is -10101 + 101011111000000?
101011110101011
In base 4, what is 11 + 1211010?
1211021
In base 15, what is 1 + -9671?
-9670
In base 5, what is -1412 + -240130?
-242042
In base 2, what is -1100 - 1011111100001?
-1011111101101
In base 5, what is 1 - 2142333?
-2142332
In base 3, what is 1200 + 112010001?
112011201
In base 10, what is -27616 + -4?
-27620
In base 15, what is -1 + -109757?
-109758
In base 11, what is -119aa + 2?
-119a8
In base 11, what is -1 - 733536?
-733537
In base 16, what is -f9c0e + 0?
-f9c0e
In base 4, what is -10131032 + 31?
-10131001
In base 4, what is 2001 - -2120?
10121
In base 15, what is -5 + -ebeae?
-ebeb4
In base 7, what is -22100 - 446?
-22546
In base 5, what is -44133340 + -4?
-44133344
In base 15, what is 6330 + -6?
6329
In base 12, what is 19634 + 11?
19645
In base 14, what is 3 - -6973?
6976
In base 13, what is -112 - -242?
130
In base 5, what is -24 - -1323133?
1323104
In base 14, what is 9 - aad1?
-aac6
In base 14, what is -3 - -257957?
257954
In base 2, what is 0 - 1001011110001010?
-1001011110001010
In base 10, what is 6821 - -227?
7048
In base 3, what is -100112021202 - -11?
-100112021121
In base 13, what is -179780c + -3?
-1797812
In base 7, what is 353 + -1143?
-460
In base 14, what is 1 - 78799?
-78798
In base 12, what is -78b0 - 4?
-78b4
In base 14, what is -b - -79852?
79845
In base 13, what is -28262 - -4?
-2825b
In base 9, what is -2384800 + -1?
-2384801
In base 4, what is -23322 + -110110?
-200032
In base 8, what is -1675 + 713?
-762
In base 14, what is 865 - -79?
900
In base 10, what is -8 + -471?
-479
In base 3, what is 1000011022221 + 10?
1000011100001
In base 5, what is 2011 - -311240?
313301
In base 6, what is -23353 - -45?
-23304
In base 12, what is 19 + -20a2a?
-20a11
In base 2, what is -1000000111111 - -10?
-1000000111101
In base 9, what is 0 - -258203?
258203
In base 12, what is 4a67228 - -2?
4a6722a
In base 11, what is 673 + -167?
507
In base 5, what is 34031420 + -1?
34031414
In base 7, what is 24256 - -3?
24262
In base 2, what is 1111101 - -11001001111?
11011001100
In base 13, what is -3 + -5b82?
-5b85
In base 4, what is 3 - -2032032?
2032101
In base 2, what is -110001011011110 - 10100?
-110001011110010
In base 3, what is -101022000001 - -1?
-101022000000
In base 14, what is 36c + 453?
7c1
In base 10, what is 14 - 82125?
-82111
In base 14, what is -895 - 188?
-a3d
In base 5, what is 31442031 + 42?
31